its digit of (6/((-60)/o))/((-2)/12)?
7
Suppose -2*n + 5*k - 86 = -21, -4*k + 154 = -5*n. Let r be ((-140)/n)/((-2)/(-6)). Suppose 11*v + 198 = r*v. What is the tens digit of v?
6
Let k = -22 - -27. Let u be (158/k)/((-2)/(-10)). Let c = -108 + u. What is the tens digit of c?
5
Let f(p) = -11*p**3 - 3*p**2 - 4*p + 1. Let o be f(-2). Suppose -u + 2*u = o. What is the tens digit of u?
8
Let r(l) = 15*l**2 - 59*l + 24. What is the units digit of r(17)?
6
Suppose 17*z = 15*z - 24. Let k(x) = -6*x. Let i be k(z). Suppose 0 = 7*l + i - 247. What is the units digit of l?
5
Suppose 0 = 3*d + 5*f - 179, -4*d + d + f + 191 = 0. Let n = 76 + d. What is the hundreds digit of n?
1
Suppose 0 = m + 4*r - 69 - 23, -4*m = 5*r - 401. What is the hundreds digit of m?
1
Let r = 1468 + 608. What is the hundreds digit of r?
0
Suppose -6*v = -161 - 67. Suppose 2*u = 4*r - 86, -3*r + v = -2*u - 29. What is the tens digit of r?
1
Suppose 9*c + 14 = -4. Let p be c*(0/(-1) - 2). Suppose -3*h - p = -25. What is the units digit of h?
7
Suppose -c - 3*v - 1 - 11 = 0, -2*c = -5*v - 31. Suppose -h + 121 = -0*r + 4*r, 0 = -4*h + c*r + 446. What is the hundreds digit of h?
1
Suppose 60 = 2*f - 5*p, -2*f - 2*p + 6*p + 64 = 0. Suppose g + 2*g = -51. Let y = g + f. What is the units digit of y?
3
Let v(a) = 0 + a + 0*a - 2 + a**2. Suppose -l - 5*j + 6 = 1, -j = 0. What is the tens digit of v(l)?
2
Let b = 3026 + -1193. What is the hundreds digit of b?
8
Suppose -1019 = -d + 2588. What is the units digit of d?
7
Suppose -d - 62524 = -50*d. What is the hundreds digit of d?
2
Suppose -4*v + 0*v = g + 9, 0 = -4*g + 4*v - 16. Let j = -4 - g. What is the units digit of j?
1
Suppose 0 = 4*d + 19 + 33. Let b = d - -32. What is the tens digit of b?
1
Let q(b) = b**2 + b - 14. Let p be q(-5). What is the units digit of p*(23/3 + (3 - 0))?
4
Let z(v) = -201*v + 116. What is the tens digit of z(-4)?
2
Let d(w) = -w**2 + 1. Let o be d(-3). Let i be 2/8 + (-14)/o. What is the units digit of (17 - i) + (-2)/(-2)?
6
Suppose 0*k - 10084 = -3*k + 2*y, 16804 = 5*k - 2*y. What is the thousands digit of k?
3
Let v = -1 - -492. Let k = -169 + v. What is the hundreds digit of k?
3
Suppose 7 - 23 = -3*c + k, 0 = -c + 3*k + 16. Suppose 0 = -2*v - 3*o + 141, -o - c*o = 3*v - 214. What is the tens digit of v?
6
Suppose -z + 3 = 2*z. Let b be -4 - (-2 + 5)*-1. What is the tens digit of b*(-18 - (z + 0))?
1
Let c be ((-8)/5)/((-3)/(-15)). Let o(g) = -5*g + 8. Let t be o(c). Let b = t - 19. What is the tens digit of b?
2
Let l = 20 + -18. Suppose l*m - 119 = 5*o, 339 = 5*m - 2*o + 10. What is the tens digit of m?
6
Suppose -116*y = -122*y + 2250. What is the units digit of y?
5
Suppose -30*j + 11*j = -4560. What is the hundreds digit of j?
2
Suppose -1 = 5*j - 16. Suppose 4*i - 108 = 4*y, -j*i + 78 = 3*y - 21. What is the units digit of i?
0
Suppose 52*w - 74318 - 60622 = 0. What is the hundreds digit of w?
5
Let b(t) = 2*t**3 + 4*t**2 - 3*t + 3. Suppose -v + 4*x + 1 = 12, 3*v + 3 = -3*x. Let g be b(v). Let q = g - -12. What is the units digit of q?
6
Let c = -92 - -97. Let b = 18 + -6. Suppose l - 1 - b = c*k, 2*k + 34 = 4*l. What is the units digit of l?
8
Let z be (-136)/10 + 3/5. Let r = z + 10. What is the units digit of 22/2*(-2 - r)?
1
Let h(r) be the second derivative of -r**4/12 + 5*r**3/2 + 19*r**2 - 3*r - 2. What is the units digit of h(17)?
4
Let s be 163 - ((-6)/2 - -7). What is the tens digit of s/6*2 - -3?
5
Let m = -4 - -24. Suppose -6*h + m = -4*h. What is the tens digit of h?
1
Let f(l) = 6*l**2 - 3*l - 115. What is the units digit of f(13)?
0
Let x(p) = -p**3 - 4*p**2 - p - 4. Let y be x(-4). Let c = 3 + y. What is the units digit of -3 + 1 + c + 37?
8
Suppose -4*a - b - 12 = 3*b, 2*b = -3*a - 6. What is the units digit of (a + 3 + -474)/(-3)?
7
Suppose -11*t + 204 = 39. What is the units digit of t?
5
Suppose 84 = -4*a - 4*k, 3*a + 4*k - 60 = 5*a. Let g = 2 + -6. What is the units digit of (28/12)/(g/a)?
4
Suppose -3*y = -k + 274, -2*k = y - 5*y - 366. Let b = -71 - -78. What is the units digit of (40/b)/((-26)/y)?
0
Let k(l) be the second derivative of -l**5/5 + l**3/3 + l**2/2 - l. Let y be (-9)/36 + -2 - (-2)/8. What is the units digit of k(y)?
9
Let p = 713 - -3333. What is the tens digit of p?
4
Let w(v) = v**2 - 38*v**3 + 0*v**2 + 72*v**3 - v. What is the tens digit of w(1)?
3
Suppose 0 = -3*s + 15 - 27. What is the units digit of s*(-4 + 5) - -33?
9
Let m(a) be the third derivative of 0*a - 1/20*a**5 + 0 + 1/120*a**6 + 4*a**2 + 1/6*a**3 + 1/12*a**4. What is the units digit of m(3)?
7
Suppose -9*b + 10*b - 43 = 0. Suppose 2*d = 53 + b. What is the units digit of d?
8
Let f be 1 + 2 + (5 - 3). Let y be 1/f - (-496)/20. Let x = -15 + y. What is the units digit of x?
0
Suppose 0 = -5*h - 2*b + 6, -6*h - 9 = -3*h - 3*b. Suppose -4*n - n - 4*w - 16 = h, -5*w = 3*n + 20. Let f = n - -10. What is the units digit of f?
0
Let p be (-2 + 8/5)*-330. Suppose 6*g = 4*g + p. What is the units digit of g?
6
Let v be 9446/30 - (-20)/150. Suppose 5*x + 95 = v. What is the tens digit of x?
4
Let l = -337 + 113. Let y = l + 318. What is the tens digit of y?
9
Let b = -366 - -445. What is the units digit of b?
9
Let l = -32 + 77. Let s be (l/(-6))/3*-2. Suppose -383 = -s*z + q - 3*q, -5*q = -z + 82. What is the tens digit of z?
7
Let h = 71 - 79. Let y(k) = -k**2 - 23*k - 2. What is the units digit of y(h)?
8
Let z be -3 + (3 - 1/(-1)). What is the units digit of (-43)/1*z*-1?
3
Let p = 55 + -54. What is the tens digit of 22/(-55) - (312/(-5) + p)?
6
Suppose 2*i - 4*i + 6 = 0. Suppose u + 2 = -2*x, 8 = -3*u - x - i*x. Let q = 30 + u. What is the units digit of q?
6
Suppose -4*r + 44 = 2*j + 2*j, -4*j + 2*r = -14. Let t = 10 - j. Suppose t*v = 3*v + 13. What is the tens digit of v?
1
Suppose -3*v = -2*o - 4, o - 4 = -0. Suppose -z = 3*h - 56, 3*h + 7 = -v*z + 258. What is the tens digit of z?
6
Let j = 104 + -99. Suppose 261 = -j*a + 2*c + 797, -5*c - 227 = -2*a. What is the units digit of a?
6
Suppose -4*j = -k + 6 + 17, j + 2 = -k. What is the units digit of 3 + 10/j - -61?
2
Let d = 0 + 4. Suppose -5*q + 3*y = 7 - 1, d = 2*q + 2*y. Suppose q = 3*z - 21 - 15. What is the tens digit of z?
1
Let v(b) = -b**2 - 12*b + 17. Let j be v(-12). Let z = j + -12. Suppose z*y = 71 - 21. What is the tens digit of y?
1
Suppose 1727 = 3*h + 2*n - 6*n, -4*n = 20. What is the units digit of h?
9
Suppose g + 73 = -5*r, -4*g + r - 2*r = 197. Let k = g + 64. What is the tens digit of k?
1
Let n = -68 + 479. What is the tens digit of n?
1
Let g be ((-99)/(-22))/(2/(-12)). What is the tens digit of -3*(-3)/(g/(-33))?
1
Suppose -5*d = -8*d - 135. Let a = 51 + d. What is the units digit of a?
6
Suppose -2*y + 5*o = -397, -2*y + 325 + 32 = 3*o. Suppose -2*p + 5*w = -y, w + 95 = p - 2*w. Let l = p + -54. What is the tens digit of l?
2
Let g(i) = -78*i - 39. What is the tens digit of g(-6)?
2
Let p(u) = -u**3 + 9*u**2 - 7*u + 20. What is the units digit of p(8)?
8
Suppose -p - p + 3*l = -18, -2*p - 3*l + 18 = 0. Let y = -51 + 53. Let g = p + y. What is the tens digit of g?
1
Let t(u) = u**2 + 11*u + 8. Let k be t(-9). Let h(o) = o**2 + 8*o - 4. Let c be h(k). What is the units digit of (-4)/c + (-178)/(-8)?
2
Let r = -32 - -59. What is the tens digit of r/(-9)*(-56)/1?
6
Let x(h) = 1. Let a(y) be the first derivative of -3*y**2/2 + 14*y - 1. Let v(g) = -a(g) + 5*x(g). What is the units digit of v(5)?
6
Suppose 4 + 2 = -h. Let k be (-82 + -5)*2/h. Let z = k + 38. What is the tens digit of z?
6
Let m = 17 - 15. Let s(u) = 5*u - 2 + 0*u**m + 2*u**2 + 0*u**2. What is the tens digit of s(3)?
3
Suppose 4*m - 3*v - 4097 = 0, -2*m + 2036 = 29*v - 33*v. What is the units digit of m?
8
Suppose -8*k + 222 = 54. Let d = 110 - k. What is the tens digit of d?
8
Let t be 414 + (-7)/(28/20). Suppose -726 = -5*y + t. What is the tens digit of y?
2
Suppose 0 = 4*v - 10*v. Suppose v*t + t = 3, -270 = -3*l + 2*t. What is the units digit of l?
2
Let f(q) = 40*q**2 - 9*q + 31. What is the tens digit of f(5)?
8
Suppose -6*n + 12 = -4*n. Suppose 432 = n*w + 2*w. What is the units digit of w?
4
Let y = 342 - 1346. What is the units digit of (-68)/(-306) - 1*y/18?
6
Let l = 21 - 20. Suppose 5 + l = 3*r. Suppose r*g - 5*g + 120 = 0. What is the tens 